{"id":40686,"date":"2024-04-23T14:25:49","date_gmt":"2024-04-23T12:25:49","guid":{"rendered":"https:\/\/www.kilim-age.com\/?post_type=product&#038;p=40686"},"modified":"2025-09-22T11:59:09","modified_gmt":"2025-09-22T09:59:09","slug":"kilim-con-precios-bajos","status":"publish","type":"product","link":"https:\/\/www.kilim-age.com\/es\/producto\/kilim-con-precios-bajos\/","title":{"rendered":"Kilim turco 151&#215;202 cm"},"content":{"rendered":"<strong>A\u00f1ade Elegancia Vers\u00e1til a tu Hogar con Nuestro Kilim: Ideal para Salas de Estar, Dormitorios y Comedores<\/strong><\/p>\n<p>Kilim con precios bajos: \u00bfBuscas una forma sencilla de darle vida a tu hogar con estilo y funcionalidad? Nuestro kilim es la soluci\u00f3n perfecta. Con medidas de 151&#215;202 cm, este tapiz vers\u00e1til es una adici\u00f3n perfecta para cualquier espacio, ya sea una sala de estar acogedora, un dormitorio relajante o una zona de comedor con encanto.<\/p>\n<p>El dise\u00f1o cuidadosamente elaborado de nuestro kilim combina la belleza est\u00e9tica con la practicidad. Con sus colores vibrantes y su patr\u00f3n \u00fanico, a\u00f1adir\u00e1 un toque de elegancia a cualquier habitaci\u00f3n, convirti\u00e9ndola en un lugar acogedor y lleno de estilo.<\/p>\n<p>Adem\u00e1s de su excepcional belleza, nuestro kilim es incre\u00edblemente vers\u00e1til. \u00dasalo como pieza central en tu sala de estar para crear un ambiente acogedor, col\u00f3calo al lado de tu cama para a\u00f1adir un toque de color a tu dormitorio, o util\u00edzalo debajo de tu mesa de comedor para a\u00f1adir un toque de encanto a tus comidas.<\/p>\n<p>Lo mejor de todo es que nuestro kilim viene a precios bajos, lo que lo convierte en una opci\u00f3n accesible para aquellos que buscan calidad y estilo sin comprometer su presupuesto. \u00a1No esperes m\u00e1s para transformar tu hogar con nuestro kilim a precios bajos!<\/p>\n<p>\u00a1Compra ahora y descubre c\u00f3mo nuestro kilim puede a\u00f1adir un toque de elegancia vers\u00e1til a tu hogar!","protected":false},"excerpt":{"rendered":"<p style=\"text-align: left;\">Fabricaci\u00f3n: Hecho a mano<br \/>\nTama\u00f1o: 151 X 202 cm<br \/>\nEstado: Nuevo<br \/>\nOrigen: Turqu\u00eda<br \/>\nMaterial: Lana<br \/>\nGrosor aprox: 1-2 mm<br \/>\nTe\u00f1ido colores naturales.<br \/>\nPlazo de entrega: 2-5 d\u00edas h\u00e1biles en Espa\u00f1a.<br \/>\nEuropa: 5-7 d\u00edas h\u00e1biles, resto de continentes 7-10 d\u00edas.<\/p>\n","protected":false},"featured_media":40687,"comment_status":"open","ping_status":"closed","template":"","meta":[],"product_brand":[],"product_cat":[61,829],"product_tag":[1077],"class_list":{"0":"post-40686","1":"product","2":"type-product","3":"status-publish","4":"has-post-thumbnail","6":"product_cat-kilims","7":"product_cat-toda-la-coleccion-kilim","8":"product_tag-kilim-turco","9":"product_shipping_class-kilim-mediano","10":"pa_ancho-cm-981","11":"pa_ancho-cm-873","12":"pa_color-azul","13":"pa_color-morado","14":"pa_color-naranja","15":"pa_color-rojo","16":"pa_color-verde","17":"pa_largo-cm-1050","18":"pa_largo-cm-925","20":"first","21":"outofstock","22":"sale","23":"sold-individually","24":"taxable","25":"shipping-taxable","26":"purchasable","27":"product-type-simple"},"yoast_head":"<!-- This site is optimized with the Yoast SEO plugin v24.8.1 - https:\/\/yoast.com\/wordpress\/plugins\/seo\/ -->\n<title>Kilim con precios bajos | Kilim-Age | Aut\u00e9nticos Kilims de Turqu\u00eda<\/title>\n<meta name=\"description\" content=\"\u00bfBuscas una forma sencilla de darle vida a tu hogar con estilo y funcionalidad? Nuestro kilim es la soluci\u00f3n perfecta.\" \/>\n<meta name=\"robots\" content=\"index, follow, max-snippet:-1, max-image-preview:large, max-video-preview:-1\" \/>\n<link rel=\"canonical\" href=\"https:\/\/www.kilim-age.com\/es\/producto\/kilim-con-precios-bajos\/\" \/>\n<meta property=\"og:locale\" content=\"es_ES\" \/>\n<meta property=\"og:type\" content=\"article\" \/>\n<meta property=\"og:title\" content=\"Kilim con precios bajos | Kilim-Age | Aut\u00e9nticos Kilims de Turqu\u00eda\" \/>\n<meta property=\"og:description\" content=\"\u00bfBuscas una forma sencilla de darle vida a tu hogar con estilo y funcionalidad? Nuestro kilim es la soluci\u00f3n perfecta.\" \/>\n<meta property=\"og:url\" content=\"https:\/\/www.kilim-age.com\/es\/producto\/kilim-con-precios-bajos\/\" \/>\n<meta property=\"og:site_name\" content=\"Kilim-Age\" \/>\n<meta property=\"article:modified_time\" content=\"2025-09-22T09:59:09+00:00\" \/>\n<meta property=\"og:image\" content=\"https:\/\/www.kilim-age.com\/wp-content\/uploads\/2024\/04\/IMG_2871.jpg\" \/>\n\t<meta property=\"og:image:width\" content=\"1000\" \/>\n\t<meta property=\"og:image:height\" content=\"1300\" \/>\n\t<meta property=\"og:image:type\" content=\"image\/jpeg\" \/>\n<meta name=\"twitter:card\" content=\"summary_large_image\" \/>\n<meta name=\"twitter:label1\" content=\"Tiempo de lectura\" \/>\n\t<meta name=\"twitter:data1\" content=\"1 minuto\" \/>\n<script type=\"application\/ld+json\" class=\"yoast-schema-graph\">{\"@context\":\"https:\/\/schema.org\",\"@graph\":[{\"@type\":\"WebPage\",\"@id\":\"https:\/\/www.kilim-age.com\/es\/producto\/kilim-con-precios-bajos\/\",\"url\":\"https:\/\/www.kilim-age.com\/es\/producto\/kilim-con-precios-bajos\/\",\"name\":\"Kilim con precios bajos | Kilim-Age | Aut\u00e9nticos Kilims de Turqu\u00eda\",\"isPartOf\":{\"@id\":\"https:\/\/www.kilim-age.com\/es\/#website\"},\"primaryImageOfPage\":{\"@id\":\"https:\/\/www.kilim-age.com\/es\/producto\/kilim-con-precios-bajos\/#primaryimage\"},\"image\":{\"@id\":\"https:\/\/www.kilim-age.com\/es\/producto\/kilim-con-precios-bajos\/#primaryimage\"},\"thumbnailUrl\":\"https:\/\/www.kilim-age.com\/wp-content\/uploads\/2024\/04\/IMG_2871.jpg\",\"datePublished\":\"2024-04-23T12:25:49+00:00\",\"dateModified\":\"2025-09-22T09:59:09+00:00\",\"description\":\"\u00bfBuscas una forma sencilla de darle vida a tu hogar con estilo y funcionalidad? Nuestro kilim es la soluci\u00f3n perfecta.\",\"breadcrumb\":{\"@id\":\"https:\/\/www.kilim-age.com\/es\/producto\/kilim-con-precios-bajos\/#breadcrumb\"},\"inLanguage\":\"es\",\"potentialAction\":[{\"@type\":\"ReadAction\",\"target\":[\"https:\/\/www.kilim-age.com\/es\/producto\/kilim-con-precios-bajos\/\"]}]},{\"@type\":\"ImageObject\",\"inLanguage\":\"es\",\"@id\":\"https:\/\/www.kilim-age.com\/es\/producto\/kilim-con-precios-bajos\/#primaryimage\",\"url\":\"https:\/\/www.kilim-age.com\/wp-content\/uploads\/2024\/04\/IMG_2871.jpg\",\"contentUrl\":\"https:\/\/www.kilim-age.com\/wp-content\/uploads\/2024\/04\/IMG_2871.jpg\",\"width\":1000,\"height\":1300},{\"@type\":\"BreadcrumbList\",\"@id\":\"https:\/\/www.kilim-age.com\/es\/producto\/kilim-con-precios-bajos\/#breadcrumb\",\"itemListElement\":[{\"@type\":\"ListItem\",\"position\":1,\"name\":\"Home\",\"item\":\"https:\/\/www.kilim-age.com\/es\/\"},{\"@type\":\"ListItem\",\"position\":2,\"name\":\"Shop\",\"item\":\"https:\/\/www.kilim-age.com\/es\/shop\/\"},{\"@type\":\"ListItem\",\"position\":3,\"name\":\"Kilim turco 151&#215;202 cm\"}]},{\"@type\":\"WebSite\",\"@id\":\"https:\/\/www.kilim-age.com\/es\/#website\",\"url\":\"https:\/\/www.kilim-age.com\/es\/\",\"name\":\"Kilim-Age\",\"description\":\"Somos especialistas en productos artesanales de Turqu\u00eda como Alfombras, y Kilims\",\"potentialAction\":[{\"@type\":\"SearchAction\",\"target\":{\"@type\":\"EntryPoint\",\"urlTemplate\":\"https:\/\/www.kilim-age.com\/es\/?s={search_term_string}\"},\"query-input\":{\"@type\":\"PropertyValueSpecification\",\"valueRequired\":true,\"valueName\":\"search_term_string\"}}],\"inLanguage\":\"es\"}]}<\/script>\n<!-- \/ Yoast SEO plugin. -->","yoast_head_json":{"title":"Kilim con precios bajos | Kilim-Age | Aut\u00e9nticos Kilims de Turqu\u00eda","description":"\u00bfBuscas una forma sencilla de darle vida a tu hogar con estilo y funcionalidad? Nuestro kilim es la soluci\u00f3n perfecta.","robots":{"index":"index","follow":"follow","max-snippet":"max-snippet:-1","max-image-preview":"max-image-preview:large","max-video-preview":"max-video-preview:-1"},"canonical":"https:\/\/www.kilim-age.com\/es\/producto\/kilim-con-precios-bajos\/","og_locale":"es_ES","og_type":"article","og_title":"Kilim con precios bajos | Kilim-Age | Aut\u00e9nticos Kilims de Turqu\u00eda","og_description":"\u00bfBuscas una forma sencilla de darle vida a tu hogar con estilo y funcionalidad? Nuestro kilim es la soluci\u00f3n perfecta.","og_url":"https:\/\/www.kilim-age.com\/es\/producto\/kilim-con-precios-bajos\/","og_site_name":"Kilim-Age","article_modified_time":"2025-09-22T09:59:09+00:00","og_image":[{"width":1000,"height":1300,"url":"https:\/\/www.kilim-age.com\/wp-content\/uploads\/2024\/04\/IMG_2871.jpg","type":"image\/jpeg"}],"twitter_card":"summary_large_image","twitter_misc":{"Tiempo de lectura":"1 minuto"},"schema":{"@context":"https:\/\/schema.org","@graph":[{"@type":"WebPage","@id":"https:\/\/www.kilim-age.com\/es\/producto\/kilim-con-precios-bajos\/","url":"https:\/\/www.kilim-age.com\/es\/producto\/kilim-con-precios-bajos\/","name":"Kilim con precios bajos | Kilim-Age | Aut\u00e9nticos Kilims de Turqu\u00eda","isPartOf":{"@id":"https:\/\/www.kilim-age.com\/es\/#website"},"primaryImageOfPage":{"@id":"https:\/\/www.kilim-age.com\/es\/producto\/kilim-con-precios-bajos\/#primaryimage"},"image":{"@id":"https:\/\/www.kilim-age.com\/es\/producto\/kilim-con-precios-bajos\/#primaryimage"},"thumbnailUrl":"https:\/\/www.kilim-age.com\/wp-content\/uploads\/2024\/04\/IMG_2871.jpg","datePublished":"2024-04-23T12:25:49+00:00","dateModified":"2025-09-22T09:59:09+00:00","description":"\u00bfBuscas una forma sencilla de darle vida a tu hogar con estilo y funcionalidad? Nuestro kilim es la soluci\u00f3n perfecta.","breadcrumb":{"@id":"https:\/\/www.kilim-age.com\/es\/producto\/kilim-con-precios-bajos\/#breadcrumb"},"inLanguage":"es","potentialAction":[{"@type":"ReadAction","target":["https:\/\/www.kilim-age.com\/es\/producto\/kilim-con-precios-bajos\/"]}]},{"@type":"ImageObject","inLanguage":"es","@id":"https:\/\/www.kilim-age.com\/es\/producto\/kilim-con-precios-bajos\/#primaryimage","url":"https:\/\/www.kilim-age.com\/wp-content\/uploads\/2024\/04\/IMG_2871.jpg","contentUrl":"https:\/\/www.kilim-age.com\/wp-content\/uploads\/2024\/04\/IMG_2871.jpg","width":1000,"height":1300},{"@type":"BreadcrumbList","@id":"https:\/\/www.kilim-age.com\/es\/producto\/kilim-con-precios-bajos\/#breadcrumb","itemListElement":[{"@type":"ListItem","position":1,"name":"Home","item":"https:\/\/www.kilim-age.com\/es\/"},{"@type":"ListItem","position":2,"name":"Shop","item":"https:\/\/www.kilim-age.com\/es\/shop\/"},{"@type":"ListItem","position":3,"name":"Kilim turco 151&#215;202 cm"}]},{"@type":"WebSite","@id":"https:\/\/www.kilim-age.com\/es\/#website","url":"https:\/\/www.kilim-age.com\/es\/","name":"Kilim-Age","description":"Somos especialistas en productos artesanales de Turqu\u00eda como Alfombras, y Kilims","potentialAction":[{"@type":"SearchAction","target":{"@type":"EntryPoint","urlTemplate":"https:\/\/www.kilim-age.com\/es\/?s={search_term_string}"},"query-input":{"@type":"PropertyValueSpecification","valueRequired":true,"valueName":"search_term_string"}}],"inLanguage":"es"}]}},"_links":{"self":[{"href":"https:\/\/www.kilim-age.com\/es\/wp-json\/wp\/v2\/product\/40686","targetHints":{"allow":["GET"]}}],"collection":[{"href":"https:\/\/www.kilim-age.com\/es\/wp-json\/wp\/v2\/product"}],"about":[{"href":"https:\/\/www.kilim-age.com\/es\/wp-json\/wp\/v2\/types\/product"}],"replies":[{"embeddable":true,"href":"https:\/\/www.kilim-age.com\/es\/wp-json\/wp\/v2\/comments?post=40686"}],"wp:featuredmedia":[{"embeddable":true,"href":"https:\/\/www.kilim-age.com\/es\/wp-json\/wp\/v2\/media\/40687"}],"wp:attachment":[{"href":"https:\/\/www.kilim-age.com\/es\/wp-json\/wp\/v2\/media?parent=40686"}],"wp:term":[{"taxonomy":"product_brand","embeddable":true,"href":"https:\/\/www.kilim-age.com\/es\/wp-json\/wp\/v2\/product_brand?post=40686"},{"taxonomy":"product_cat","embeddable":true,"href":"https:\/\/www.kilim-age.com\/es\/wp-json\/wp\/v2\/product_cat?post=40686"},{"taxonomy":"product_tag","embeddable":true,"href":"https:\/\/www.kilim-age.com\/es\/wp-json\/wp\/v2\/product_tag?post=40686"}],"curies":[{"name":"wp","href":"https:\/\/api.w.org\/{rel}","templated":true}]}}

<strong>Añade Elegancia Versátil a tu Hogar con Nuestro Kilim: Ideal para Salas de Estar, Dormitorios y Comedores</strong></p>
<p>Kilim con precios bajos: ¿Buscas una forma sencilla de darle vida a tu hogar con estilo y funcionalidad? Nuestro kilim es la solución perfecta. Con medidas de 151&#215;202 cm, este tapiz versátil es una adición perfecta para cualquier espacio, ya sea una sala de estar acogedora, un dormitorio relajante o una zona de comedor con encanto.</p>
<p>El diseño cuidadosamente elaborado de nuestro kilim combina la belleza estética con la practicidad. Con sus colores vibrantes y su patrón único, añadirá un toque de elegancia a cualquier habitación, convirtiéndola en un lugar acogedor y lleno de estilo.</p>
<p>Además de su excepcional belleza, nuestro kilim es increíblemente versátil. Úsalo como pieza central en tu sala de estar para crear un ambiente acogedor, colócalo al lado de tu cama para añadir un toque de color a tu dormitorio, o utilízalo debajo de tu mesa de comedor para añadir un toque de encanto a tus comidas.</p>
<p>Lo mejor de todo es que nuestro kilim viene a precios bajos, lo que lo convierte en una opción accesible para aquellos que buscan calidad y estilo sin comprometer su presupuesto. ¡No esperes más para transformar tu hogar con nuestro kilim a precios bajos!</p>
<p>¡Compra ahora y descubre cómo nuestro kilim puede añadir un toque de elegancia versátil a tu hogar!

<p style="text-align: left;">Fabricación: Hecho a mano<br />
Tamaño: 151 X 202 cm<br />
Estado: Nuevo<br />
Origen: Turquía<br />
Material: Lana<br />
Grosor aprox: 1-2 mm<br />
Teñido colores naturales.<br />
Plazo de entrega: 2-5 días hábiles en España.<br />
Europa: 5-7 días hábiles, resto de continentes 7-10 días.</p>

<!-- This site is optimized with the Yoast SEO plugin v24.8.1 - https://yoast.com/wordpress/plugins/seo/ -->
<title>Kilim con precios bajos | Kilim-Age | Auténticos Kilims de Turquía</title>
<meta name="description" content="¿Buscas una forma sencilla de darle vida a tu hogar con estilo y funcionalidad? Nuestro kilim es la solución perfecta." />
<meta name="robots" content="index, follow, max-snippet:-1, max-image-preview:large, max-video-preview:-1" />
<link rel="canonical" href="https://www.kilim-age.com/es/producto/kilim-con-precios-bajos/" />
<meta property="og:locale" content="es_ES" />
<meta property="og:type" content="article" />
<meta property="og:title" content="Kilim con precios bajos | Kilim-Age | Auténticos Kilims de Turquía" />
<meta property="og:description" content="¿Buscas una forma sencilla de darle vida a tu hogar con estilo y funcionalidad? Nuestro kilim es la solución perfecta." />
<meta property="og:url" content="https://www.kilim-age.com/es/producto/kilim-con-precios-bajos/" />
<meta property="og:site_name" content="Kilim-Age" />
<meta property="article:modified_time" content="2025-09-22T09:59:09+00:00" />
<meta property="og:image" content="https://www.kilim-age.com/wp-content/uploads/2024/04/IMG_2871.jpg" />
	<meta property="og:image:width" content="1000" />
	<meta property="og:image:height" content="1300" />
	<meta property="og:image:type" content="image/jpeg" />
<meta name="twitter:card" content="summary_large_image" />
<meta name="twitter:label1" content="Tiempo de lectura" />
	<meta name="twitter:data1" content="1 minuto" />
<script type="application/ld+json" class="yoast-schema-graph">{"@context":"https://schema.org","@graph":[{"@type":"WebPage","@id":"https://www.kilim-age.com/es/producto/kilim-con-precios-bajos/","url":"https://www.kilim-age.com/es/producto/kilim-con-precios-bajos/","name":"Kilim con precios bajos | Kilim-Age | Auténticos Kilims de Turquía","isPartOf":{"@id":"https://www.kilim-age.com/es/#website"},"primaryImageOfPage":{"@id":"https://www.kilim-age.com/es/producto/kilim-con-precios-bajos/#primaryimage"},"image":{"@id":"https://www.kilim-age.com/es/producto/kilim-con-precios-bajos/#primaryimage"},"thumbnailUrl":"https://www.kilim-age.com/wp-content/uploads/2024/04/IMG_2871.jpg","datePublished":"2024-04-23T12:25:49+00:00","dateModified":"2025-09-22T09:59:09+00:00","description":"¿Buscas una forma sencilla de darle vida a tu hogar con estilo y funcionalidad? Nuestro kilim es la solución perfecta.","breadcrumb":{"@id":"https://www.kilim-age.com/es/producto/kilim-con-precios-bajos/#breadcrumb"},"inLanguage":"es","potentialAction":[{"@type":"ReadAction","target":["https://www.kilim-age.com/es/producto/kilim-con-precios-bajos/"]}]},{"@type":"ImageObject","inLanguage":"es","@id":"https://www.kilim-age.com/es/producto/kilim-con-precios-bajos/#primaryimage","url":"https://www.kilim-age.com/wp-content/uploads/2024/04/IMG_2871.jpg","contentUrl":"https://www.kilim-age.com/wp-content/uploads/2024/04/IMG_2871.jpg","width":1000,"height":1300},{"@type":"BreadcrumbList","@id":"https://www.kilim-age.com/es/producto/kilim-con-precios-bajos/#breadcrumb","itemListElement":[{"@type":"ListItem","position":1,"name":"Home","item":"https://www.kilim-age.com/es/"},{"@type":"ListItem","position":2,"name":"Shop","item":"https://www.kilim-age.com/es/shop/"},{"@type":"ListItem","position":3,"name":"Kilim turco 151&#215;202 cm"}]},{"@type":"WebSite","@id":"https://www.kilim-age.com/es/#website","url":"https://www.kilim-age.com/es/","name":"Kilim-Age","description":"Somos especialistas en productos artesanales de Turquía como Alfombras, y Kilims","potentialAction":[{"@type":"SearchAction","target":{"@type":"EntryPoint","urlTemplate":"https://www.kilim-age.com/es/?s={search_term_string}"},"query-input":{"@type":"PropertyValueSpecification","valueRequired":true,"valueName":"search_term_string"}}],"inLanguage":"es"}]}</script>
<!-- / Yoast SEO plugin. -->

Kilim con precios bajos | Kilim-Age | Auténticos Kilims de Turquía

¿Buscas una forma sencilla de darle vida a tu hogar con estilo y funcionalidad? Nuestro kilim es la solución perfecta.

Somos especialistas en productos artesanales de Turquía como Alfombras, y Kilims
